{"id":29,"date":"2021-01-14T10:24:17","date_gmt":"2021-01-14T09:24:17","guid":{"rendered":"http:\/\/kamenictvibenes.cz\/?page_id=29"},"modified":"2025-08-17T11:45:19","modified_gmt":"2025-08-17T09:45:19","slug":"kontakt","status":"publish","type":"page","link":"https:\/\/kamenictvibenes.cz\/?page_id=29","title":{"rendered":"Kontakt"},"content":{"rendered":"\t\t<div data-elementor-type=\"wp-page\" data-elementor-id=\"29\" class=\"elementor elementor-29\" data-elementor-settings=\"[]\">\n\t\t\t\t\t\t<div class=\"elementor-inner\">\n\t\t\t\t\t\t\t<div class=\"elementor-section-wrap\">\n\t\t\t\t\t\t\t<section class=\"elementor-section elementor-top-section elementor-element elementor-element-62ceaf8a elementor-section-boxed elementor-section-height-default elementor-section-height-default\" data-id=\"62ceaf8a\" data-element_type=\"section\">\n\t\t\t\t\t\t<div class=\"elementor-container elementor-column-gap-default\">\n\t\t\t\t\t\t\t<div class=\"elementor-row\">\n\t\t\t\t\t<div class=\"elementor-column elementor-col-100 elementor-top-column elementor-element elementor-element-5d4bdb3e\" data-id=\"5d4bdb3e\" data-element_type=\"column\">\n\t\t\t<div class=\"elementor-column-wrap elementor-element-populated\">\n\t\t\t\t\t\t\t<div class=\"elementor-widget-wrap\">\n\t\t\t\t\t\t<div class=\"elementor-element elementor-element-2a837023 elementor-widget elementor-widget-text-editor\" data-id=\"2a837023\" data-element_type=\"widget\" data-widget_type=\"text-editor.default\">\n\t\t\t\t<div class=\"elementor-widget-container\">\n\t\t\t\t\t<div class=\"elementor-text-editor elementor-clearfix\"><!-- wp:heading {\"level\":1} -->\n<h1>Kontakt<\/h1>\n<!-- \/wp:heading --><!-- wp:columns {\"verticalAlignment\":\"top\"} -->\n<div class=\"wp-block-columns are-vertically-aligned-top\"><!-- wp:column {\"verticalAlignment\":\"top\"} -->\n<div class=\"wp-block-column is-vertically-aligned-top\"><!-- wp:heading -->\n<h2><strong>Petr Bene\u0161<\/strong><\/h2>\n<!-- \/wp:heading --><!-- wp:paragraph -->\n<p>tel: 603 897 170<\/p>\n<!-- \/wp:paragraph --><!-- wp:paragraph -->\n<p><a href=\"mailto:benes.kamen@volny.cz\">benes.kamen@volny.cz<\/a><\/p>\n<!-- \/wp:paragraph --><!-- wp:paragraph -->\n<p>Kamenick\u00e1 220<br \/>TRUTNOV<br \/>541 02<\/p>\n<!-- \/wp:paragraph --><!-- wp:paragraph -->\n<p>I\u010cO: 11119985, DI\u010c: CZ6501220792<br \/>Fyzick\u00e1 osoba zapsan\u00e1 v\u00a0\u017eivnostensk\u00e9m rejst\u0159\u00edku M\u011b\u00da Trutnov odbor Obecn\u00ed\u00a0\u017eivnostensk\u00fd\u00a0\u00fa\u0159ad od 22.9.1992,\u010d.j.817\/92-Sd<\/p>\n<!-- \/wp:paragraph --><!-- wp:paragraph -->\n<p>\u00a0<\/p>\n<!-- \/wp:paragraph --><\/div>\n<!-- \/wp:column --><!-- wp:column {\"verticalAlignment\":\"top\"} -->\n<div class=\"wp-block-column is-vertically-aligned-top\"><!-- wp:heading {\"textAlign\":\"left\"} -->\n<h2 class=\"has-text-align-left\"><strong>Jana Bene\u0161ov\u00e1<\/strong><\/h2>\n<!-- \/wp:heading --><!-- wp:paragraph {\"align\":\"left\"} -->\n<p class=\"has-text-align-left\">tel: 736 607 149<\/p>\n<!-- \/wp:paragraph --><!-- wp:paragraph -->\n<p><a href=\"mailto:benes.kamen@volny.cz\">benes.kamen@volny.cz<\/a><\/p>\n<!-- \/wp:paragraph --><!-- wp:paragraph -->\n<p>Kamenick\u00e1 220<br \/>TRUTNOV<br \/>541 02<\/p>\n<!-- \/wp:paragraph --><!-- wp:paragraph -->\n<p>I\u010cO: 42934290, DI\u010c: CZ 6653121860<br \/>Fyzick\u00e1 osoba zapsan\u00e1 v\u00a0\u017eivnostensk\u00e9m rejst\u0159\u00edku M\u011b\u00da Trutnov odbor Obecn\u00ed\u00a0\u017eivnostensk\u00fd\u00a0\u00fa\u0159ad od 4.9.2006, ev.\u010d.361005-439470<\/p>\n<!-- \/wp:paragraph --><!-- wp:paragraph -->\n<p>\u00a0<\/p>\n<!-- \/wp:paragraph --><\/div>\n<!-- \/wp:column --><\/div>\n<!-- \/wp:columns --><!-- wp:columns -->\n<div class=\"wp-block-columns\"><!-- wp:column -->\n<div class=\"wp-block-column\">\u00a0<\/div>\n<!-- \/wp:column --><!-- wp:column -->\n<div class=\"wp-block-column\">\u00a0<\/div>\n<!-- \/wp:column --><\/div>\n<!-- \/wp:columns --><!-- wp:spacer {\"height\":467} -->\n<div class=\"wp-block-spacer\" style=\"height: 467px;\" aria-hidden=\"true\">\u00a0<\/div>\n<!-- \/wp:spacer --><\/div>\n\t\t\t\t<\/div>\n\t\t\t\t<\/div>\n\t\t\t\t\t\t<\/div>\n\t\t\t\t\t<\/div>\n\t\t<\/div>\n\t\t\t\t\t\t\t\t<\/div>\n\t\t\t\t\t<\/div>\n\t\t<\/section>\n\t\t\t\t\t\t<\/div>\n\t\t\t\t\t\t<\/div>\n\t\t\t\t\t<\/div>\n\t\t","protected":false},"excerpt":{"rendered":"<p>Kontakt Petr Bene\u0161 tel: 603 897 170 benes.kamen@volny.cz Kamenick\u00e1 220TRUTNOV541 02 I\u010cO: 11119985, DI\u010c: CZ6501220792Fyzick\u00e1 osoba zapsan\u00e1 v\u00a0\u017eivnostensk\u00e9m rejst\u0159\u00edku M\u011b\u00da Trutnov odbor Obecn\u00ed\u00a0\u017eivnostensk\u00fd\u00a0\u00fa\u0159ad od 22.9.1992,\u010d.j.817\/92-Sd \u00a0 Jana Bene\u0161ov\u00e1 tel: 736 607 149 benes.kamen@volny.cz Kamenick\u00e1 220TRUTNOV541 02 I\u010cO: 42934290, DI\u010c: CZ 6653121860Fyzick\u00e1 osoba zapsan\u00e1 v\u00a0\u017eivnostensk\u00e9m rejst\u0159\u00edku M\u011b\u00da Trutnov odbor Obecn\u00ed\u00a0\u017eivnostensk\u00fd\u00a0\u00fa\u0159ad od 4.9.2006, ev.\u010d.361005-439470 \u00a0<\/p>\n","protected":false},"author":1,"featured_media":0,"parent":0,"menu_order":0,"comment_status":"closed","ping_status":"closed","template":"","meta":{"neve_meta_sidebar":"full-width","neve_meta_container":"","neve_meta_enable_content_width":"on","neve_meta_content_width":100,"neve_meta_title_alignment":"center","neve_meta_author_avatar":"","neve_post_elements_order":"","neve_meta_disable_header":"","neve_meta_disable_footer":"off","neve_meta_disable_title":"on"},"yoast_head":"<!-- This site is optimized with the Yoast SEO plugin v15.7 - https:\/\/yoast.com\/wordpress\/plugins\/seo\/ -->\n<title>Kontakt | Kamenictv\u00ed Bene\u0161<\/title>\n<meta name=\"description\" content=\"Petr Bene\u0161 | tel: 603 897 170 | benes.kamen@volny.cz | U H\u0159bitova 220, TRUTNOV, 541 02 | I\u010c: 11119985, DI\u010c: CZ6501220792\" \/>\n<meta name=\"robots\" content=\"index, follow, max-snippet:-1, max-image-preview:large, max-video-preview:-1\" \/>\n<link rel=\"canonical\" href=\"http:\/\/kamenictvibenes.cz\/?page_id=29\" \/>\n<meta property=\"og:locale\" content=\"cs_CZ\" \/>\n<meta property=\"og:type\" content=\"article\" \/>\n<meta property=\"og:title\" content=\"Kontakt | Kamenictv\u00ed Bene\u0161\" \/>\n<meta property=\"og:description\" content=\"Petr Bene\u0161 | tel: 603 897 170 | benes.kamen@volny.cz | U H\u0159bitova 220, TRUTNOV, 541 02 | I\u010c: 11119985, DI\u010c: CZ6501220792\" \/>\n<meta property=\"og:url\" content=\"http:\/\/kamenictvibenes.cz\/?page_id=29\" \/>\n<meta property=\"og:site_name\" content=\"Kamenictv\u00ed Bene\u0161\" \/>\n<meta property=\"article:modified_time\" content=\"2025-08-17T09:45:19+00:00\" \/>\n<meta name=\"twitter:card\" content=\"summary_large_image\" \/>\n<meta name=\"twitter:label1\" content=\"Odhadovan\u00e1 doba \u010dten\u00ed\">\n\t<meta name=\"twitter:data1\" content=\"1 minuta\">\n<script type=\"application\/ld+json\" class=\"yoast-schema-graph\">{\"@context\":\"https:\/\/schema.org\",\"@graph\":[{\"@type\":\"WebSite\",\"@id\":\"http:\/\/kamenictvibenes.cz\/#website\",\"url\":\"http:\/\/kamenictvibenes.cz\/\",\"name\":\"Kamenictv\\u00ed Bene\\u0161\",\"description\":\"Jsme rodinn\\u00e1 firma. V oboru pracujeme od 80-t\\u00fdch let. Zab\\u00fdv\\u00e1me se restaurov\\u00e1n\\u00edm pam\\u00e1tek, kamenickou v\\u00fdrobou a pozlacov\\u00e1n\\u00edm. Dlouhodob\\u011b spolupracujeme s restaur\\u00e1tory a ov\\u011b\\u0159en\\u00fdmi \\u0159emesln\\u00edky.\",\"potentialAction\":[{\"@type\":\"SearchAction\",\"target\":\"http:\/\/kamenictvibenes.cz\/?s={search_term_string}\",\"query-input\":\"required name=search_term_string\"}],\"inLanguage\":\"cs\"},{\"@type\":\"WebPage\",\"@id\":\"http:\/\/kamenictvibenes.cz\/?page_id=29#webpage\",\"url\":\"http:\/\/kamenictvibenes.cz\/?page_id=29\",\"name\":\"Kontakt | Kamenictv\\u00ed Bene\\u0161\",\"isPartOf\":{\"@id\":\"http:\/\/kamenictvibenes.cz\/#website\"},\"datePublished\":\"2021-01-14T09:24:17+00:00\",\"dateModified\":\"2025-08-17T09:45:19+00:00\",\"description\":\"Petr Bene\\u0161 | tel: 603 897 170 | benes.kamen@volny.cz | U H\\u0159bitova 220, TRUTNOV, 541 02 | I\\u010c: 11119985, DI\\u010c: CZ6501220792\",\"inLanguage\":\"cs\",\"potentialAction\":[{\"@type\":\"ReadAction\",\"target\":[\"http:\/\/kamenictvibenes.cz\/?page_id=29\"]}]}]}<\/script>\n<!-- \/ Yoast SEO plugin. -->","_links":{"self":[{"href":"https:\/\/kamenictvibenes.cz\/index.php?rest_route=\/wp\/v2\/pages\/29"}],"collection":[{"href":"https:\/\/kamenictvibenes.cz\/index.php?rest_route=\/wp\/v2\/pages"}],"about":[{"href":"https:\/\/kamenictvibenes.cz\/index.php?rest_route=\/wp\/v2\/types\/page"}],"author":[{"embeddable":true,"href":"https:\/\/kamenictvibenes.cz\/index.php?rest_route=\/wp\/v2\/users\/1"}],"replies":[{"embeddable":true,"href":"https:\/\/kamenictvibenes.cz\/index.php?rest_route=%2Fwp%2Fv2%2Fcomments&post=29"}],"version-history":[{"count":20,"href":"https:\/\/kamenictvibenes.cz\/index.php?rest_route=\/wp\/v2\/pages\/29\/revisions"}],"predecessor-version":[{"id":382,"href":"https:\/\/kamenictvibenes.cz\/index.php?rest_route=\/wp\/v2\/pages\/29\/revisions\/382"}],"wp:attachment":[{"href":"https:\/\/kamenictvibenes.cz\/index.php?rest_route=%2Fwp%2Fv2%2Fmedia&parent=29"}],"curies":[{"name":"wp","href":"https:\/\/api.w.org\/{rel}","templated":true}]}}